 base 4.
-122112013311
341004120 (base 5) to base 9
2736311
2378555 (base 9) to base 11
802977
Convert -223470 (base 13) to base 14.
-170198
Convert -3dd413 (base 14) to base 9.
-4035320
-3101323000 (base 4) to base 15
-11eb7a
967787 (base 11) to base 10
1547564
What is -5775 (base 12) in base 10?
-9737
Convert -1686676 (base 10) to base 16.
-19bc94
Convert 8a4ff (base 16) to base 13.
16ab30
What is -101221201 (base 4) in base 3?
-10200011101
What is 134608 (base 11) in base 16?
33858
Convert -11200112112 (base 3) to base 4.
-112201112
What is -2b324c (base 14) in base 7?
-15544225
Convert 162412 (base 10) to base 2.
100111101001101100
What is -dc805 (base 14) in base 10?
-533909
Convert 5804b4 (base 12) to base 6.
50123144
Convert 5287217 (base 12) to base 15.
1583e6a
Convert 1322330303 (base 4) to base 3.
221120210222
What is 12210211100 (base 3) in base 7?
654213
7025617 (base 8) to base 13
4c8403
-17955c (base 14) to base 15
-1169e9
-78493 (base 12) to base 14
-42287
What is 1a99a (base 14) in base 16?
108ac
Convert -234120223 (base 5) to base 11.
-67a389
What is 1111101001110001 (base 2) in base 14?
19517
b3748 (base 13) to base 3
121100201010
Convert 11023300 (base 5) to base 2.
10111010011011010
Convert -58de88 (base 16) to base 6.
-324455332
624707 (base 8) to base 3
101112100220
What is -111012111222 (base 3) in base 4?
-333130331
-2dd4a (base 14) to base 9
-184818
Convert -5a3226 (base 12) to base 11.
-905756
Convert 10100110000100100010 (base 2) to base 7.
5532111
-110001111001100011000001 (base 2) to base 9
-26546387
Convert 14511515 (base 7) to base 14.
27d4b5
15722147 (base 8) to base 10
3646567
What is 15b59 (base 14) in base 5?
3214441
Convert 1044015304 (base 6) to base 14.
1725892
Convert 201103 (base 5) to base 11.
48a1
-324534 (base 7) to base 3
-2220000010
Convert -287435 (base 9) to base 10.
-176045
Convert 6541053 (base 7) to base 6.
25051150
-111010110111000 (base 2) to base 13
-10942
What is 2472622 (base 9) in base 5?
321100334
What is 4dbbc (base 16) in base 5?
40142041
What is -176131 (base 8) in base 15?
-1421b
What is 116088f (base 16) in base 3?
1021021201210020
Convert 100221233 (base 4) to base 2.
10000101001101111
What is dad1 (base 16) in base 5?
3243032
What is 152534225 (base 7) in base 8?
46746355
-192082 (base 14) to base 13
-251949
Convert 6044561 (base 9) to base 13.
888acc
Convert a75a0 (base 15) to base 16.
81ace
-62fb6 (base 16) to base 14
-a7a74
-2951a86 (base 11) to base 3
-100112111120022
3126133 (base 8) to base 4
3022301123
2263156 (base 7) to base 11
18477a
-a74750 (base 13) to base 15
-527513
What is -26563 (base 8) in base 12?
-6897
Convert -37367 (base 10) to base 12.
-1975b
What is 1302220131 (base 4) in base 14?
c3181
Convert -1022433314 (base 5) to base 12.
-87b457
Convert -6ed482 (base 16) to base 12.
-2523402
-11179 (base 12) to base 5
-1211301
-34242011 (base 5) to base 11
-1998a4
Convert 2886009 (base 10) to base 12.
b72189
What is 2424024014 (base 5) in base 8?
25547653
Convert -69392 (base 14) to base 3.
-111000001002
-4040231 (base 6) to base 16
-2ed9b
Convert 10010100111011110 (base 2) to base 5.
4420004
Convert 22cc9 (base 16) to base 2.
100010110011001001
-22203313332 (base 4) to base 8
-12436776
What is 145465 (base 10) in base 13?
51298
Convert -1888176 (base 10) to base 9.
-3487073
Convert 6044554 (base 10) to base 14.
b34b7c
Convert 4013b5 (base 13) to base 16.
16b498
-575764 (base 9) to base 4
-1110111202
Convert 220524344 (base 6) to base 10.
3961576
Convert -24144402 (base 6) to base 12.
-308102
What is 344652 (base 14) in base 2?
110110010011010100000
-411673 (base 8) to base 2
-100001001110111011
What is 2a4c4 (base 16) in base 8?
522304
Convert 3ae28 (base 15) to base 2.
101110000110001101
-322410052 (base 6) to base 10
-5724464
1111111010001110010111 (base 2) to base 6
225220315
-10000011110001100010101 (base 2) to base 6
-232314341
-120000002221 (base 3) to base 11
-191977
What is -1aaa60 (base 14) in base 4?
-3220102230
-458618 (base 9) to base 2
-1000011001110001000
-2832662 (base 9) to base 7
-16143143
45611 (base 13) to base 7
1034045
Convert 210130 (base 4) to base 10.
2332
Convert 1b45a0 (base 12) to base 2.
1110110010101001000
What is -40265 (base 15) in base 3?
-101022112012
-162a1c8 (base 14) to base 11
-614913a
Convert 4023464 (base 9) to base 14.
3da5b1
What is -111001111110110 (base 2) in base 13?
-10687
-35014 (base 14) to base 13
-46930
-261772 (base 8) to base 11
-62516
Convert -303304133 (base 5) to base 15.
-1940b3
Convert -22413346 (base 8) to base 11.
-2817035
-4b477 (base 13) to base 10
-139185
Convert -2230203 (base 4) to base 14.
-404b
What is -1570391 (base 11) in base 5?
-1141223031
What is 10110010110100011101000 (base 2) in base 14?
ac75a0
Convert -2300331011 (base 4) to base 5.
-141143210
What is -3b9a9d (base 14) in base 8?
-7674773
4397707 (base 12) to base 5
11244441132
What is 21022121000011 (base 3) in base 2?
1110110101100001000011
101001001110011110011 (base 2) to base 10
1350899
What is -43b971 (base 13) in base 11?
-9a0637
Convert 406131 (base 7) to base 2.
10000111011101101
What is -211000212 (base 3) in base 10?
-16061
66652 (base 13) to base 12
8b511
Convert -189492 (base 15) to base 13.
-32b388
Convert -5750060 (base 8) to base 6.
-53241040
Convert 13a027 (base 16) to base 7.
13634543
-157382 (base 11) to base 7
-2034306
14b9c7a (base 13) to base 9
13452366
Convert -7c6cb (base 14) to base 15.
-5ec80
-2000222102211 (base 3) to base 14
-20252b
Convert 2b0275 (base 12) to base 3.
1100220001222
Convert -2705cca (base 13) to base 6.
-1114522200
What is -327838 (base 9) in base 2?
-101111110111010111
Convert 195c2 (base 14) to base 4.
33230012
Convert -1352b0 (base 13) to base 15.
-93be7
Convert -2860438 (base 9) to base 12.
-63b55b
Convert -51146122 (base 7) to base 14.
-7cdc82
Convert 340021412 (base 6) to base 15.
81a9a2
160434 (base 7) to base 8
75312
What is -1010011011111100 (base 2) in base 4?
-22123330
What is 3204507 (base 10) in base 8?
14162633
What is f0283 (base 16) in base 3?
1211222100201
What is 2574c (base 16) in base 2?
100101011101001100
Convert -214202 (base 13) to base 14.
-1644dd
Convert 1100001110001101100 (base 2) to base 9.
670331
What is -11100000110100011011 (base 2) in base 13?
-2631b4
What is 185210 (base 13) in base 6?
21033125
What is 102001011102022 (base 3) in base 6?
325442055
Convert -220021203 (base 4) to base 13.
-59b11
4278537 (base 9) to base 14
43aa84
-1123515 (base 6) to base 4
-32020013
What is -10000001100111111101 (base 2) in base 15?
-a74b1
Convert 446312 (base 7) to base 13.
29c96
What is -212323535 (base 7) in base 4?
-300033021212
Convert 14346205 (base 7) to base 6.
45023141
What is -11156422 (base 7) in base 13?
-280714
What is -1200201020011 (base 3) in base 16?
-dbaa8
What is -314647 (base 9) in base 10?
-187153
11161300 (base 9) to base 7
64005444
Convert -302040333 (base 5) to base 16.
-1265d6
Convert -45410 (base 13) to base 11.
-86671
What is 4023103 (base 5) in base 10?
64153
52a7315 (base 11) to base 4
203213103031
85c1b6 (base 13) to base 3
12220112001001
Convert -416f0 (base 16) to base 6.
-5424452
What is -cbf0 (base 16) in base 12?
-26268
What is -505422 (base 7) in base 9?
-140823
-243749 (base 12) to base 8
-2172151
What is 506666 (base 7) in base 15?
1a925
Convert -3636783 (base 9) to base 2.
-111100001110001000100
Convert 8262614 (base 10) to base 16.
7e13d6
-1332150 (base 8) to base 5
-43430424
What is 32430 (base 14) in base 2?
11101101011011010
Convert 7cb88 (base 15) to base 13.
10bbc3
What is 816860 (base 9) in base 15?
98639
Convert 1514535 (base 6) to base 8.
253533
Convert 5414675 (base 8) to base 10.
1448381
Convert 1c6442 (base 13) to base 5.
141243222
What is 233340032 (base 5) in base 16?
1064d8
What is 3a3593 (base 16) in base 15?
5054a3
What is -20411001 (base 5) in base 15?
-35351
Convert -22242615 (base 9) to base 3.
-202021102200112
-3412444232 (base 5) to base 11
-4295043
-343403 (base 11) to base 7
-4433261
What is 1268a5 (base 16) in base 10?
1206437
-104020204 (base 5) to base 10
-454429
Convert -3407160 (base 13) to base 9.
-33057106
Convert -23a971 (base 11) to base 7.
-3143223
What is 113323001 (base 4) in base 15?
1e075
22134 (base 13) to